 8*x + 4. Let c(p) = 11*p**2 + 17*p - 9. Let h(y) = s*c(y) + 13*b(y). Calculate h(3).
1
Let d(z) = 3*z + 7. Let f(i) = 3*i + 3. Let n(r) = -d(r) + 3*f(r). Give n(3).
20
Let c(t) be the third derivative of -3*t + 7/60*t**5 - 1/120*t**6 + 1/12*t**4 - 5*t**2 + 7/6*t**3 + 0. Calculate c(7).
21
Let r(a) = -5*a. Let o = -161 + 163. Let k(h) = h - 6. Let b be k(o). What is r(b)?
20
Suppose -5*f - 54*a - 15 = -59*a, -2*a - 24 = 4*f. Let l(n) = -n + 20. Determine l(f).
25
Let z(k) be the first derivative of -4*k**2 - 37*k + 213. Calculate z(-5).
3
Let g(k) be the first derivative of -3*k**2/2 + 23*k + 6427. What is g(0)?
23
Suppose 0 = k + m - 21, -3*m - 42 = -5*k + 3*k. Suppose 9*b + k = 16*b. Let i(s) = -2*s - 3. What is i(b)?
-9
Let o(i) = i**3 + 13*i**2 + 27*i - 44. Let t(u) = 41*u + 5443. Let l be t(-133). Calculate o(l).
-14
Let k(u) = 86*u + 52. Let n(y) = 46*y + 27. Let o(j) = -4*k(j) + 7*n(j). Calculate o(2).
-63
Let d(h) = -h**2 + 22*h - 28. Let o(u) = 4*u**2 - 31*u - 310. Let i be o(-6). Give d(i).
12
Suppose -15*y - 115 = -445. Suppose -24*r = -y*r - 18. Let c(d) = -3*d + 13. What is c(r)?
-14
Let p(k) = -k + 1. Let y(q) = q**2 + 8*q - 7. Let z be y(-9). Let j(o) = -o - 9 + 13*o**3 + 2*o - 12*o**3 - 6*o**z. Let a be j(6). What is p(a)?
4
Let s(u) = -u**2 - u + 3. Let d = -10 + 14. Suppose d*a - 12 = -2*t, 5*a - 2*t - 2*t = 41. Suppose -4*r + 4*c = -4, -a*r + 0*r + 2*c = -14. What is s(r)?
-17
Suppose 48*i = -25*i - 1095. Let w(o) = -6*o - 83. Determine w(i).
7
Suppose -4*t + 24 + 28 = 0. Suppose 5*s - 2*b - 2*b = t, 3 = b. Let h(l) = -5 + 7*l**2 - 5*l - s*l**2 + 2*l**2 + 9 + l**3. Calculate h(-5).
4
Let j(u) = -u**2 - u. Let a be j(2). Let p(n) = n**2 - 1. Let o(m) be the second derivative of -m**4/3 - 5*m**3/6 + 3*m. Let c(z) = o(z) + 3*p(z). What is c(a)?
-9
Suppose 4*s = -2*b - 0*b + 12, -3*s = -4*b - 31. Let o be 2*3/(-12) + b/8. Let t(f) be the second derivative of -f**5/2 + f**4/12 + f**3/6 + 4*f. Give t(o).
10
Let u(g) = -4*g**3 - 8*g**2 - 11*g + 20. Let v be (2 - 15/9)*3. Let a(l) = -l**3 + 2. Let z(r) = v*u(r) - 5*a(r). Calculate z(9).
-8
Let v be (-114)/(-114) + (1 - -1). Let a(t) = 720*t**3 - t**2 + 712*t**3 - 8 - 1433*t**v. What is a(0)?
-8
Let k(x) = 2*x**2 + 10*x - 4 + 11 - 2*x**2 + x**2. Suppose 40 - 58 = 2*n. Give k(n).
-2
Let t be (-3 + (-10)/(-5))/((-1)/2). Let z be -22*(-1)/(t + -3). Let w = 28 + z. Let b(q) = -q**3 + 6*q**2 - q + 8. Calculate b(w).
2
Let u be (-146)/(-10) + 42/(-70). Let t(z) = 32*z + 3*z**2 - z**3 + 3 - u*z - 14*z. Calculate t(4).
3
Let f be (-6)/8*6*-2 - 3. Let b(c) = 6 + 6*c**2 + c**2 - 3*c - f*c**2 + 9*c. What is b(-4)?
-2
Let a = 1074 - 1077. Let i(l) = -14*l**2 + 6. Let z(o) = o**3 - 6*o**2 - 7*o - 8. Let r be z(7). Let b(c) = 5*c**2 - 2. Let m(q) = a*i(q) + r*b(q). Give m(-2).
6
Let m(s) = -s. Let w be ((-78)/(-8))/(8 - 1000/128). Let p be (-65)/w - 6/8. Calculate m(p).
2
Let r be (-2)/7 - 117/7. Let q = -17 - r. Let f(l) = q*l + 0*l + 0*l - 3 - l. Calculate f(-8).
5
Let x(o) = o + 14. Let u be x(-11). Suppose 0 = -u*b + 5*t + 131, 0 = -t - 0*t + 2. Let v = b - 41. Let g(s) = s. What is g(v)?
6
Let f(j) = -4*j**2 + j + 2. Let r(x) = -10*x**2 + 4*x + 5. Let v(q) = -3*f(q) + r(q). What is v(-4)?
27
Let l = 325 + -326. Let t(j) = -6*j**3 + 12*j**2 + j + 5. Let h(u) = u**3 - u**2. Let w(s) = l*t(s) - 5*h(s). Suppose 0 = k - 2*k + 7. What is w(k)?
-12
Let b(i) be the third derivative of 0 - 2*i**2 + 0*i**3 + 0*i**4 + 0*i + 7/60*i**5. Suppose 0 = 5*r - 2 + 7. Give b(r).
7
Let q = 49 - 49. Suppose q = -22*s + 23*s - 3. Let i(f) = -f + s*f + 9 - f. Calculate i(-11).
-2
Let w(c) = c**3 - 9*c**2 + 8*c + 9. Let p be 2/((-16)/2) - (-363)/12. Suppose 24*v + 156 = p*v. Suppose 3*b - 2*g - g - 30 = 0, -v = -4*b - 3*g. Calculate w(b).
9
Let n(t) be the first derivative of -t**3/3 + 4*t**2 + 2*t + 733. Give n(6).
14
Let l = 354 + -352. Let c(i) = -2 + 10*i + 11*i + 3*i**l - 10*i - 2*i**2 - 7. Calculate c(-12).
3
Let a be -4*(6 - (-91)/(-14)). Suppose -z = a*m - 15, -z - 7 = -3*m + 3. Let v(p) = -p**2 + 3*p + 6. Calculate v(m).
-4
Let b(o) be the second derivative of -o**5/20 - 7*o**4/12 - 3*o**3/2 - 6*o**2 + 947*o. What is b(-6)?
6
Suppose p - 2*p + 5*l + 28 = 0, 2*p = 2*l + 16. Let z(b) = 8*b**3 + 15*b**2 + b. Let o(w) = 13*w**3 + 21*w**2 - 1. Let r(h) = -2*o(h) + 3*z(h). Calculate r(p).
-16
Let d(a) = 5*a - 7. Let w = -100 - -136. Let y = w - 34. Let f(s) = 2*s - 1. Let k(m) = y*f(m) - d(m). Calculate k(0).
5
Let c(l) = 35004*l - 34994. Let g be c(1). Let n(i) = i + 1. Let b(t) = t**3 - 10*t**2 + 3*t + 18. Let y(x) = b(x) - 5*n(x). Determine y(g).
-7
Suppose -a + 7 = 3*r, 0 = 4*a + 974*r - 969*r. Let l(p) = 4*p + 33. Calculate l(a).
13
Let o(n) be the first derivative of 3*n**4/2 - n**3/3 - n**2/2 - n - 1784. What is o(-1)?
-7
Let k(d) = -29*d**2 - 3*d - 8. Let c(l) = 8*l**2 + l + 1. Let j(p) = 22*c(p) + 6*k(p). What is j(-8)?
70
Let h(z) = 2*z**2 + 12*z - 14. Suppose 9*m + 2*m = 110. Let n(x) = x**2 + 6*x - 8. Let p(l) = m*n(l) - 6*h(l). What is p(-7)?
-10
Let c = 5529 + -5546. Let f(h) = -18*h - 301. Give f(c).
5
Let w(k) be the third derivative of -k**4/24 - 5*k**3/3 - k**2. Let o = 20327 - 20320. Calculate w(o).
-17
Suppose -45 = 5*z + 2*n, -2*z + 2*n - 32 = -0*z. Let o(x) = -x**2 - 14*x - 27. What is o(z)?
6
Let p(u) = 9*u**2 - 6*u. Let d(y) = 2*y**2 - 2*y + 2. Let f(j) = 5*d(j) - p(j). Determine f(7).
31
Let h(x) = x**2 + 3*x + 2. Let z = -12 + 9. Let n be h(z). Suppose 0 = -n*g + 4*c + 20, 12 = -4*g - 4*c - c. Let k(v) = v**2 + v - 2. What is k(g)?
4
Let y(o) = 32*o**3 + 22*o**2 + 47*o - 41. Let k(a) = -5*a**3 - 4*a**2 - 8*a + 7. Let s(b) = 13*k(b) + 2*y(b). Determine s(-6).
-3
Let r(i) be the first derivative of -4*i + 1/4*i**4 - 9 - 1/3*i**3 - 1/2*i**2. Give r(0).
-4
Let o = -10381 + 20771/2. Let z(q) be the second derivative of 1/6*q**3 - 29*q + 0 - o*q**2 + 1/12*q**4. Determine z(0).
-9
Let s be (-4 + 7)*(13/(-9) - 32/144). Let z(y) = -3*y**2 - 18*y - 23. Give z(s).
-8
Let d(n) = -240*n - 3842. Let j be d(-16). Let g(z) = -5*z + 4. Determine g(j).
14
Let h(j) = -j. Let x(k) = 2*k**3 + 15*k**2 + 9*k + 16. Let a be x(-8). Let f = a - -128. Give h(f).
-8
Let f(a) = -2 + 3*a - 3 + 3. Let n = 44517 + -44512. Determine f(n).
13
Let a(v) = 124*v**2 - 42*v. Let p(q) = -25*q**2 + 8*q. Let n(b) = 3*a(b) + 16*p(b). Determine n(1).
-26
Let j(f) = 35*f**2 - f + 4. Let y(b) = -8*b**2 - b - 1. Let k(s) = j(s) + 4*y(s). Determine k(5).
50
Let f(l) = -24 + 13*l + 152*l**2 - 152*l**2 + l**2. Give f(-12).
-36
Let i(p) = -2*p - 26. Let n(c) = c - 3. Let a(v) = i(v) + 3*n(v). Determine a(34).
-1
Let u = -428 + 416. Let g(d) = -12 + 12*d - 26*d + d**3 - 17 + 12*d**2 + 12*d. Determine g(u).
-5
Let f(u) = -9*u + 2. Let i be 4/((-24)/(-9))*8/(-6). Let x be (-3 + i - -4)/(2/(-2)). Let n be x/1*(3 - (-1 - -2)). Give f(n).
-16
Let a(h) = 41*h - 244. Let u be a(6). Let v(l) = l**3 - 2*l**2 - 4*l + 3. Give v(u).
-5
Suppose -j + 5 = 0, 2*j - 7*j = -q - 33. Let r(p) be the third derivative of p**5/60 + p**4/4 - 3*p**3/2 - 72*p**2. Determine r(q).
7
Let b(n) = -n**2 - 3*n + 5. Let v = -449 + 335. Let x be 4/(-14) - 2472/21. Let p = x - v. Determine b(p).
1
Let r(m) = -10*m**2 + 255 - 275 - 5*m - 7*m - m**2 - m**3. Determine r(-9).
-74
Suppose -25*n + 1016 = 1016. Let v(b) = -6*b - 12. Give v(n).
-12
Let x(a) = 10*a**2 - 14 + 22*a - 557 - a**3 + 587. Give x(12).
-8
Let j(t) = 18*t - 96. Suppose -2*q - 262 = -4*c - 248, 0 = -3*c + 5*q. Determine j(c).
-6
Suppose -6 + 0 = -3*s. Suppose 4*v + s*v = 138. Let f = v - 18. Let m(p) = -p**3 + 4*p**2 + 5*p - 3. Determine m(f).
-3
Suppose 68*v + 1416 = -1324 + 836. Let l(c) = -37*c - 1034. Give l(v).
2
Suppose -5*k + 23 = 2*s - s, 3*s = 9. Let d(u) = 1 - 5*u**2 + 4*u + k + 1 + u**3 - 5. Give d(4).
1
Suppose -121*q - 27 = -63*q - 67*q. Let n(c) be the first derivative of -1/2*c**2 + c + 1/3*c**q + 1/4*c**4 - 1. Give n(-2).
-1
Let c(b) = b - 24. Let t = -7298 + 7305. Calculate c(t).
-17
Let x be 1 - 24/(-6) - 5. Let g(v) = -v**3 - 5*v**2 + 3*v - 32. Let r(y) = 3*y**3 + 12*y**2 - 7*y + 64. Let p(t) = -5*g(t) - 2*r(t). Give p(x).
32
Let r(i) be the second derivative of 3/2*i**2 - 2/3*i**3 - 1/20*i**5 + 0 + 5/12*i**4 + 47*i. Let s(t) = -2*t - 9. Let g be s(-6). Give r(g).
9
Let r be 41/13 + ((-